{"id":4181,"date":"2022-11-17T18:31:30","date_gmt":"2022-11-17T18:31:30","guid":{"rendered":"http:\/\/montealminara.com\/?page_id=4181"},"modified":"2023-10-19T13:58:26","modified_gmt":"2023-10-19T13:58:26","slug":"nuria-garcia-martin","status":"publish","type":"page","link":"https:\/\/montealminara.com\/en\/team\/nuria-garcia-martin\/","title":{"rendered":"Nuria Garc\u00eda Mart\u00edn"},"content":{"rendered":"\t\t<div data-elementor-type=\"wp-page\" data-elementor-id=\"4181\" class=\"elementor elementor-4181 elementor-651\" data-elementor-post-type=\"page\">\n\t\t\t\t\t\t<section class=\"elementor-section elementor-top-section elementor-element elementor-element-d1b9eb0 elementor-section-boxed elementor-section-height-default elementor-section-height-default\" data-id=\"d1b9eb0\" data-element_type=\"section\" data-e-type=\"section\">\n\t\t\t\t\t\t<div class=\"elementor-container elementor-column-gap-default\">\n\t\t\t\t\t<div class=\"elementor-column elementor-col-50 elementor-top-column elementor-element elementor-element-e9d7825\" data-id=\"e9d7825\" data-element_type=\"column\" data-e-type=\"column\">\n\t\t\t<div class=\"elementor-widget-wrap elementor-element-populated\">\n\t\t\t\t\t\t<div class=\"elementor-element elementor-element-adddc1e elementor-widget elementor-widget-image\" data-id=\"adddc1e\" data-element_type=\"widget\" data-e-type=\"widget\" data-widget_type=\"image.default\">\n\t\t\t\t<div class=\"elementor-widget-container\">\n\t\t\t\t\t\t\t\t\t\t\t\t\t\t\t<img fetchpriority=\"high\" decoding=\"async\" width=\"495\" height=\"495\" src=\"https:\/\/montealminara.com\/wp-content\/uploads\/2022\/11\/nuria-garcia-martin-ma-perfil.jpg\" class=\"attachment-large size-large wp-image-2482\" alt=\"\" srcset=\"https:\/\/montealminara.com\/wp-content\/uploads\/2022\/11\/nuria-garcia-martin-ma-perfil.jpg 495w, https:\/\/montealminara.com\/wp-content\/uploads\/2022\/11\/nuria-garcia-martin-ma-perfil-300x300.jpg 300w, https:\/\/montealminara.com\/wp-content\/uploads\/2022\/11\/nuria-garcia-martin-ma-perfil-150x150.jpg 150w\" sizes=\"(max-width: 495px) 100vw, 495px\">\t\t\t\t\t\t\t\t\t\t\t\t\t\t\t<\/div>\n\t\t\t\t<\/div>\n\t\t\t\t<div class=\"elementor-element elementor-element-2c3979e elementor-widget elementor-widget-text-editor\" data-id=\"2c3979e\" data-element_type=\"widget\" data-e-type=\"widget\" data-widget_type=\"text-editor.default\">\n\t\t\t\t<div class=\"elementor-widget-container\">\n\t\t\t\t\t\t\t\t\t<p><b>Name <\/b>Nuria Garc\u00eda Mart\u00edn<\/p><p><b>Email <\/b><a class=\"a-email\" href=\"mailto:nuriagarcia@montealminara.com\">nuriagarcia@montealminara.com<\/a><\/p><p><b>Phone <\/b><a class=\"a-email\" href=\"tel:952641207\">952 641 207<\/a><\/p>\t\t\t\t\t\t\t\t<\/div>\n\t\t\t\t<\/div>\n\t\t\t\t<div class=\"elementor-element elementor-element-1f5009b elementor-align-left elementor-widget elementor-widget-button\" data-id=\"1f5009b\" data-element_type=\"widget\" data-e-type=\"widget\" data-widget_type=\"button.default\">\n\t\t\t\t<div class=\"elementor-widget-container\">\n\t\t\t\t\t\t\t\t\t<div class=\"elementor-button-wrapper\">\n\t\t\t\t\t<a class=\"elementor-button elementor-button-link elementor-size-sm elementor-animation-pulse-grow\" href=\"https:\/\/montealminara.com\/en\/team\/\">\n\t\t\t\t\t\t<span class=\"elementor-button-content-wrapper\">\n\t\t\t\t\t\t\t\t\t<span class=\"elementor-button-text\">Team<\/span>\n\t\t\t\t\t<\/span>\n\t\t\t\t\t<\/a>\n\t\t\t\t<\/div>\n\t\t\t\t\t\t\t\t<\/div>\n\t\t\t\t<\/div>\n\t\t\t\t\t<\/div>\n\t\t<\/div>\n\t\t\t\t<div class=\"elementor-column elementor-col-50 elementor-top-column elementor-element elementor-element-b878ba0\" data-id=\"b878ba0\" data-element_type=\"column\" data-e-type=\"column\">\n\t\t\t<div class=\"elementor-widget-wrap elementor-element-populated\">\n\t\t\t\t\t\t<div class=\"elementor-element elementor-element-5d92154 elementor-invisible elementor-widget elementor-widget-heading\" data-id=\"5d92154\" data-element_type=\"widget\" data-e-type=\"widget\" data-settings=\"{&quot;_animation&quot;:&quot;fadeInLeft&quot;}\" data-widget_type=\"heading.default\">\n\t\t\t\t<div class=\"elementor-widget-container\">\n\t\t\t\t\t<div class=\"elementor-heading-title elementor-size-default\">Management <\/div>\t\t\t\t<\/div>\n\t\t\t\t<\/div>\n\t\t\t\t<div class=\"elementor-element elementor-element-7678eb2 elementor-invisible elementor-widget elementor-widget-heading\" data-id=\"7678eb2\" data-element_type=\"widget\" data-e-type=\"widget\" data-settings=\"{&quot;_animation&quot;:&quot;fadeInLeft&quot;,&quot;_animation_delay&quot;:240}\" data-widget_type=\"heading.default\">\n\t\t\t\t<div class=\"elementor-widget-container\">\n\t\t\t\t\t<h1 class=\"elementor-heading-title elementor-size-default\">Nuria Garc\u00eda Mart\u00edn<\/h1>\t\t\t\t<\/div>\n\t\t\t\t<\/div>\n\t\t\t\t<div class=\"elementor-element elementor-element-5ec332e elementor-invisible elementor-widget elementor-widget-text-editor\" data-id=\"5ec332e\" data-element_type=\"widget\" data-e-type=\"widget\" data-settings=\"{&quot;_animation&quot;:&quot;fadeInLeft&quot;,&quot;_animation_delay&quot;:480}\" data-widget_type=\"text-editor.default\">\n\t\t\t\t<div class=\"elementor-widget-container\">\n\t\t\t\t\t\t\t\t\t<p>With a degree in Economics and a diploma in Business Administration from the University of Malaga, she has been in the general and administrative management of the MonteAlminara Center since 2012, motivated by her drive towards social action. In her long career at the head of the management and administration of relevant companies, she has received recognition in the form of awards granted by entities as diverse as the magazine Andaluc\u00eda Econ\u00f3mica, the City Council of Malaga, the newspaper SUR or the Association of Young Entrepreneurs of Malaga.<\/p>\t\t\t\t\t\t\t\t<\/div>\n\t\t\t\t<\/div>\n\t\t\t\t<div class=\"elementor-element elementor-element-d734e5f elementor-view-stacked elementor-position-inline-start elementor-shape-circle elementor-mobile-position-block-start elementor-invisible elementor-widget elementor-widget-icon-box\" data-id=\"d734e5f\" data-element_type=\"widget\" data-e-type=\"widget\" data-settings=\"{&quot;_animation&quot;:&quot;fadeInLeft&quot;,&quot;_animation_delay&quot;:600}\" data-widget_type=\"icon-box.default\">\n\t\t\t\t<div class=\"elementor-widget-container\">\n\t\t\t\t\t\t\t<div class=\"elementor-icon-box-wrapper\">\n\n\t\t\t\t\t\t<div class=\"elementor-icon-box-icon\">\n\t\t\t\t<span  class=\"elementor-icon\">\n\t\t\t\t<i aria-hidden=\"true\" class=\"fas fa-graduation-cap\"><\/i>\t\t\t\t<\/span>\n\t\t\t<\/div>\n\t\t\t\n\t\t\t\t\t\t<div class=\"elementor-icon-box-content\">\n\n\t\t\t\t\t\t\t\t\t<h5 class=\"elementor-icon-box-title\">\n\t\t\t\t\t\t<span  >\n\t\t\t\t\t\t\tEducation\t\t\t\t\t\t<\/span>\n\t\t\t\t\t<\/h5>\n\t\t\t\t\n\t\t\t\t\t\t\t\t\t<p class=\"elementor-icon-box-description\">\n\t\t\t\t\t\tDegree in Economics and Diploma in Business Administration from the University of Malaga.\t\t\t\t\t<\/p>\n\t\t\t\t\n\t\t\t<\/div>\n\t\t\t\n\t\t<\/div>\n\t\t\t\t\t\t<\/div>\n\t\t\t\t<\/div>\n\t\t\t\t<div class=\"elementor-element elementor-element-d93548a elementor-view-stacked elementor-position-inline-start elementor-shape-circle elementor-mobile-position-block-start elementor-invisible elementor-widget elementor-widget-icon-box\" data-id=\"d93548a\" data-element_type=\"widget\" data-e-type=\"widget\" data-settings=\"{&quot;_animation&quot;:&quot;fadeInLeft&quot;,&quot;_animation_delay&quot;:840}\" data-widget_type=\"icon-box.default\">\n\t\t\t\t<div class=\"elementor-widget-container\">\n\t\t\t\t\t\t\t<div class=\"elementor-icon-box-wrapper\">\n\n\t\t\t\t\t\t<div class=\"elementor-icon-box-icon\">\n\t\t\t\t<span  class=\"elementor-icon\">\n\t\t\t\t<i aria-hidden=\"true\" class=\"fas fa-certificate\"><\/i>\t\t\t\t<\/span>\n\t\t\t<\/div>\n\t\t\t\n\t\t\t\t\t\t<div class=\"elementor-icon-box-content\">\n\n\t\t\t\t\t\t\t\t\t<h5 class=\"elementor-icon-box-title\">\n\t\t\t\t\t\t<span  >\n\t\t\t\t\t\t\tExperience\t\t\t\t\t\t<\/span>\n\t\t\t\t\t<\/h5>\n\t\t\t\t\n\t\t\t\t\t\t\t\t\t<p class=\"elementor-icon-box-description\">\n\t\t\t\t\t\tSince 2012 in the general and administrative management of the MonteAlminara Center.\t\t\t\t\t<\/p>\n\t\t\t\t\n\t\t\t<\/div>\n\t\t\t\n\t\t<\/div>\n\t\t\t\t\t\t<\/div>\n\t\t\t\t<\/div>\n\t\t\t\t<div class=\"elementor-element elementor-element-3111aa7 elementor-view-stacked elementor-position-inline-start elementor-shape-circle elementor-mobile-position-block-start elementor-invisible elementor-widget elementor-widget-icon-box\" data-id=\"3111aa7\" data-element_type=\"widget\" data-e-type=\"widget\" data-settings=\"{&quot;_animation&quot;:&quot;fadeInLeft&quot;,&quot;_animation_delay&quot;:840}\" data-widget_type=\"icon-box.default\">\n\t\t\t\t<div class=\"elementor-widget-container\">\n\t\t\t\t\t\t\t<div class=\"elementor-icon-box-wrapper\">\n\n\t\t\t\t\t\t<div class=\"elementor-icon-box-icon\">\n\t\t\t\t<span  class=\"elementor-icon\">\n\t\t\t\t<i aria-hidden=\"true\" class=\"fas fa-trophy\"><\/i>\t\t\t\t<\/span>\n\t\t\t<\/div>\n\t\t\t\n\t\t\t\t\t\t<div class=\"elementor-icon-box-content\">\n\n\t\t\t\t\t\t\t\t\t<h5 class=\"elementor-icon-box-title\">\n\t\t\t\t\t\t<span  >\n\t\t\t\t\t\t\tAwards and recognitions\t\t\t\t\t\t<\/span>\n\t\t\t\t\t<\/h5>\n\t\t\t\t\n\t\t\t\t\t\t\t\t\t<p class=\"elementor-icon-box-description\">\n\t\t\t\t\t\tAndaluc\u00eda Econ\u00f3mica magazine, Malaga City Council, SUR newspaper and the Young Entrepreneurs Association of Malaga.\t\t\t\t\t<\/p>\n\t\t\t\t\n\t\t\t<\/div>\n\t\t\t\n\t\t<\/div>\n\t\t\t\t\t\t<\/div>\n\t\t\t\t<\/div>\n\t\t\t\t\t<\/div>\n\t\t<\/div>\n\t\t\t\t\t<\/div>\n\t\t<\/section>\n\t\t\t\t<\/div>\n\t\t","protected":false},"excerpt":{"rendered":"<p>Name Nuria Garc\u00eda Mart\u00edn Email nuriagarcia@montealminara.com Phone 952 641 207 Team Management Nuria Garc\u00eda Mart\u00edn With a degree in Economics and a diploma in Business Administration from the University of Malaga, she has been in the general and administrative management of the MonteAlminara Center since 2012, motivated by her drive towards social action. In her &#8230; <a title=\"Nuria Garc\u00eda Mart\u00edn\" class=\"read-more\" href=\"https:\/\/montealminara.com\/en\/team\/nuria-garcia-martin\/\" aria-label=\"Read more about Nuria Garc\u00eda Mart\u00edn\">Read more<\/a><\/p>\n","protected":false},"author":1,"featured_media":0,"parent":2566,"menu_order":0,"comment_status":"closed","ping_status":"closed","template":"elementor_header_footer","meta":{"footnotes":""},"class_list":["post-4181","page","type-page","status-publish"],"_links":{"self":[{"href":"https:\/\/montealminara.com\/en\/wp-json\/wp\/v2\/pages\/4181","targetHints":{"allow":["GET"]}}],"collection":[{"href":"https:\/\/montealminara.com\/en\/wp-json\/wp\/v2\/pages"}],"about":[{"href":"https:\/\/montealminara.com\/en\/wp-json\/wp\/v2\/types\/page"}],"author":[{"embeddable":true,"href":"https:\/\/montealminara.com\/en\/wp-json\/wp\/v2\/users\/1"}],"replies":[{"embeddable":true,"href":"https:\/\/montealminara.com\/en\/wp-json\/wp\/v2\/comments?post=4181"}],"version-history":[{"count":5,"href":"https:\/\/montealminara.com\/en\/wp-json\/wp\/v2\/pages\/4181\/revisions"}],"predecessor-version":[{"id":4290,"href":"https:\/\/montealminara.com\/en\/wp-json\/wp\/v2\/pages\/4181\/revisions\/4290"}],"up":[{"embeddable":true,"href":"https:\/\/montealminara.com\/en\/wp-json\/wp\/v2\/pages\/2566"}],"wp:attachment":[{"href":"https:\/\/montealminara.com\/en\/wp-json\/wp\/v2\/media?parent=4181"}],"curies":[{"name":"wp","href":"https:\/\/api.w.org\/{rel}","templated":true}]}}

Nuria García Martín

<div data-elementor-type="wp-page" data-elementor-id="4181" class="elementor elementor-4181 elementor-651" data-elementor-post-type="page">
						<section class="elementor-section elementor-top-section elementor-element elementor-element-d1b9eb0 elementor-section-boxed elementor-section-height-default elementor-section-height-default" data-id="d1b9eb0" data-element_type="section" data-e-type="section">
						<div class="elementor-container elementor-column-gap-default">
					<div class="elementor-column elementor-col-50 elementor-top-column elementor-element elementor-element-e9d7825" data-id="e9d7825" data-element_type="column" data-e-type="column">
			<div class="elementor-widget-wrap elementor-element-populated">
						<div class="elementor-element elementor-element-adddc1e elementor-widget elementor-widget-image" data-id="adddc1e" data-element_type="widget" data-e-type="widget" data-widget_type="image.default">
				<div class="elementor-widget-container">
															<img fetchpriority="high" decoding="async" width="495" height="495" src="https://montealminara.com/wp-content/uploads/2022/11/nuria-garcia-martin-ma-perfil.jpg" class="attachment-large size-large wp-image-2482" alt="" srcset="https://montealminara.com/wp-content/uploads/2022/11/nuria-garcia-martin-ma-perfil.jpg 495w, https://montealminara.com/wp-content/uploads/2022/11/nuria-garcia-martin-ma-perfil-300x300.jpg 300w, https://montealminara.com/wp-content/uploads/2022/11/nuria-garcia-martin-ma-perfil-150x150.jpg 150w" sizes="(max-width: 495px) 100vw, 495px">															</div>
				</div>
				<div class="elementor-element elementor-element-2c3979e elementor-widget elementor-widget-text-editor" data-id="2c3979e" data-element_type="widget" data-e-type="widget" data-widget_type="text-editor.default">
				<div class="elementor-widget-container">
									<p><b>Name </b>Nuria García Martín</p><p><b>Email </b><a class="a-email" href="mailto:nuriagarcia@montealminara.com">nuriagarcia@montealminara.com</a></p><p><b>Phone </b><a class="a-email" href="tel:952641207">952 641 207</a></p>								</div>
				</div>
				<div class="elementor-element elementor-element-1f5009b elementor-align-left elementor-widget elementor-widget-button" data-id="1f5009b" data-element_type="widget" data-e-type="widget" data-widget_type="button.default">
				<div class="elementor-widget-container">
									<div class="elementor-button-wrapper">
					<a class="elementor-button elementor-button-link elementor-size-sm elementor-animation-pulse-grow" href="https://montealminara.com/en/team/">
						<span class="elementor-button-content-wrapper">
									<span class="elementor-button-text">Team</span>
					</span>
					</a>
				</div>
								</div>
				</div>
					</div>
		</div>
				<div class="elementor-column elementor-col-50 elementor-top-column elementor-element elementor-element-b878ba0" data-id="b878ba0" data-element_type="column" data-e-type="column">
			<div class="elementor-widget-wrap elementor-element-populated">
						<div class="elementor-element elementor-element-5d92154 elementor-invisible elementor-widget elementor-widget-heading" data-id="5d92154" data-element_type="widget" data-e-type="widget" data-settings="{&quot;_animation&quot;:&quot;fadeInLeft&quot;}" data-widget_type="heading.default">
				<div class="elementor-widget-container">
					<div class="elementor-heading-title elementor-size-default">Management </div>				</div>
				</div>
				<div class="elementor-element elementor-element-7678eb2 elementor-invisible elementor-widget elementor-widget-heading" data-id="7678eb2" data-element_type="widget" data-e-type="widget" data-settings="{&quot;_animation&quot;:&quot;fadeInLeft&quot;,&quot;_animation_delay&quot;:240}" data-widget_type="heading.default">
				<div class="elementor-widget-container">
					<h1 class="elementor-heading-title elementor-size-default">Nuria García Martín</h1>				</div>
				</div>
				<div class="elementor-element elementor-element-5ec332e elementor-invisible elementor-widget elementor-widget-text-editor" data-id="5ec332e" data-element_type="widget" data-e-type="widget" data-settings="{&quot;_animation&quot;:&quot;fadeInLeft&quot;,&quot;_animation_delay&quot;:480}" data-widget_type="text-editor.default">
				<div class="elementor-widget-container">
									<p>With a degree in Economics and a diploma in Business Administration from the University of Malaga, she has been in the general and administrative management of the MonteAlminara Center since 2012, motivated by her drive towards social action. In her long career at the head of the management and administration of relevant companies, she has received recognition in the form of awards granted by entities as diverse as the magazine Andalucía Económica, the City Council of Malaga, the newspaper SUR or the Association of Young Entrepreneurs of Malaga.</p>								</div>
				</div>
				<div class="elementor-element elementor-element-d734e5f elementor-view-stacked elementor-position-inline-start elementor-shape-circle elementor-mobile-position-block-start elementor-invisible elementor-widget elementor-widget-icon-box" data-id="d734e5f" data-element_type="widget" data-e-type="widget" data-settings="{&quot;_animation&quot;:&quot;fadeInLeft&quot;,&quot;_animation_delay&quot;:600}" data-widget_type="icon-box.default">
				<div class="elementor-widget-container">
							<div class="elementor-icon-box-wrapper">

						<div class="elementor-icon-box-icon">
				<span  class="elementor-icon">
				<i aria-hidden="true" class="fas fa-graduation-cap"></i>				</span>
			</div>
			
						<div class="elementor-icon-box-content">

									<h5 class="elementor-icon-box-title">
						<span  >
							Education						</span>
					</h5>
				
									<p class="elementor-icon-box-description">
						Degree in Economics and Diploma in Business Administration from the University of Malaga.					</p>
				
			</div>
			
		</div>
						</div>
				</div>
				<div class="elementor-element elementor-element-d93548a elementor-view-stacked elementor-position-inline-start elementor-shape-circle elementor-mobile-position-block-start elementor-invisible elementor-widget elementor-widget-icon-box" data-id="d93548a" data-element_type="widget" data-e-type="widget" data-settings="{&quot;_animation&quot;:&quot;fadeInLeft&quot;,&quot;_animation_delay&quot;:840}" data-widget_type="icon-box.default">
				<div class="elementor-widget-container">
							<div class="elementor-icon-box-wrapper">

						<div class="elementor-icon-box-icon">
				<span  class="elementor-icon">
				<i aria-hidden="true" class="fas fa-certificate"></i>				</span>
			</div>
			
						<div class="elementor-icon-box-content">

									<h5 class="elementor-icon-box-title">
						<span  >
							Experience						</span>
					</h5>
				
									<p class="elementor-icon-box-description">
						Since 2012 in the general and administrative management of the MonteAlminara Center.					</p>
				
			</div>
			
		</div>
						</div>
				</div>
				<div class="elementor-element elementor-element-3111aa7 elementor-view-stacked elementor-position-inline-start elementor-shape-circle elementor-mobile-position-block-start elementor-invisible elementor-widget elementor-widget-icon-box" data-id="3111aa7" data-element_type="widget" data-e-type="widget" data-settings="{&quot;_animation&quot;:&quot;fadeInLeft&quot;,&quot;_animation_delay&quot;:840}" data-widget_type="icon-box.default">
				<div class="elementor-widget-container">
							<div class="elementor-icon-box-wrapper">

						<div class="elementor-icon-box-icon">
				<span  class="elementor-icon">
				<i aria-hidden="true" class="fas fa-trophy"></i>				</span>
			</div>
			
						<div class="elementor-icon-box-content">

									<h5 class="elementor-icon-box-title">
						<span  >
							Awards and recognitions						</span>
					</h5>
				
									<p class="elementor-icon-box-description">
						Andalucía Económica magazine, Malaga City Council, SUR newspaper and the Young Entrepreneurs Association of Malaga.					</p>
				
			</div>
			
		</div>
						</div>
				</div>
					</div>
		</div>
					</div>
		</section>
				</div>

<p>Name Nuria García Martín Email nuriagarcia@montealminara.com Phone 952 641 207 Team Management Nuria García Martín With a degree in Economics and a diploma in Business Administration from the University of Malaga, she has been in the general and administrative management of the MonteAlminara Center since 2012, motivated by her drive towards social action. In her &#8230; <a title="Nuria García Martín" class="read-more" href="https://montealminara.com/en/team/nuria-garcia-martin/" aria-label="Read more about Nuria García Martín">Read more</a></p>
